 the greatest common factor of q and 3?
3
Suppose -6*q + 51 = -165. Calculate the greatest common factor of 252 and q.
36
Suppose 153 = -5*j + 13. Let t be (-8)/j - (-3 - 57/21). Calculate the greatest common divisor of 8 and t.
2
Let m = 259 - 251. Suppose 3*v - 35 = -y - 12, 2*y - 11 = v. Calculate the greatest common divisor of y and m.
8
Let v(i) = -4*i**2 + 7 - 245*i + 250*i + 3*i**2 + 14. Let q be v(7). Calculate the highest common divisor of q and 56.
7
Suppose 0 = -14*j + 8061 - 963. What is the highest common factor of 39 and j?
39
Suppose -17*l + 4851 = -10*l. What is the highest common divisor of l and 77?
77
Let w be 2/4*(44 - (-4 + 2)). What is the greatest common divisor of w and 184?
23
Let g be 13*(-14)/(-91)*24. What is the greatest common factor of 176 and g?
16
Let j(q) = -2*q**3 - 78*q**2 + 62*q + 287. Let h be j(-40). What is the highest common divisor of 19 and h?
19
Let c = 483 - 478. Let o(p) = -p**3 + p**2 + 10*p + 5. Let r be o(-7). Let i be 2/4 - r/(-6). Calculate the greatest common divisor of c and i.
5
Let h = -78 - 138. Let w = h + 368. Suppose -n = 3*n - 5*u - w, 2*u = -8. What is the highest common divisor of 3 and n?
3
Let w be (-3 + 1 + 1)/(1/(-15)). Calculate the highest common divisor of 705 and w.
15
Let g = 8 + -23. Let r be 1 + 1672/165 + 2/g. Let v be (22/(-4))/((-1)/2). What is the greatest common factor of r and v?
11
Let a(f) = 260*f + 2. Let d be a(2). Suppose -d = -3*y - y + 5*n, 3*y + 3*n - 405 = 0. Let u be (4/6)/2*57. What is the highest common factor of u and y?
19
Let c = 708 + -648. Suppose 3*q = z - 2*z + 26, 5*q - 70 = -3*z. Calculate the highest common divisor of z and c.
20
Let d(r) = -r**2 + 22*r + 28. Let q be d(23). Suppose 3 = -3*a, 2*b - 4 = -q*a - 3. What is the highest common factor of b and 36?
3
Let k be (-105)/6*42/(-35). Calculate the highest common factor of 56 and k.
7
Suppose 5 - 8 = -k. Suppose -z + l = -4, k - 13 = -2*l. What is the greatest common divisor of 1 and z?
1
Let f be (3*2)/(4/((-160)/(-12))). Suppose 0 = 11*i - 18 - 2402. What is the highest common divisor of f and i?
20
Suppose -3*u - 5*x + 142 = 0, 6*u - 3*u = -x + 134. Calculate the greatest common factor of u and 198.
22
Let m be (-80)/(-10) - (-1 + 1 + 0). Calculate the highest common factor of 152 and m.
8
Let z be -65*(8 + 1484/(-182)). Suppose -2*t + 10 + 20 = 0. What is the greatest common divisor of z and t?
5
Suppose -2*z + 2*i + 181 = i, -2 = 2*i. Let c be (1 + -2 + 0)*-2. Suppose 5*r + 48 = 4*f + c*r, 0 = f - r - 13. Calculate the highest common divisor of f and z.
9
Suppose -104 = -31*j + 1787. Calculate the greatest common factor of 61 and j.
61
Let i(o) = -2*o + 16. Let y be i(7). Suppose 16 = -y*x - 2*x. Let h be 1194/15 + x/(-10). What is the highest common divisor of 8 and h?
8
Let s(a) = a**3 - 5*a**2 - 7*a + 9. Let x be s(6). Suppose 4*w - 45 = -w - 4*k, -9 = -w - x*k. Let b = w + -5. What is the greatest common divisor of b and 6?
2
Let q(u) = -u**2 + 6*u - 2. Let c be q(4). Let l(n) = -2*n - 61. Let j be l(-35). What is the highest common factor of c and j?
3
Let z(w) = w**3 + 14*w**2 - 17*w - 11. Let j be z(-15). What is the greatest common factor of j and 209?
19
Let j = -358 + 367. What is the highest common factor of 81 and j?
9
Suppose 3*j - 727 + 64 = 0. What is the greatest common divisor of 26 and j?
13
Let m be 3/((-3)/1) + 4. Suppose -3*o = -5*q - 2*o + m, 7 = -3*q + 5*o. Let c be q + -4 - (-5 - 0). Calculate the greatest common divisor of 2 and c.
2
Suppose -g + 3 = k, -2*g + 9 = -2*k + 3. Let a = k + -6. Let s = a - -12. What is the highest common factor of 18 and s?
6
Let q = -37 - -68. Let z = -27 + q. Let v(u) = -5*u**3 - u**2 - u - 1. Let d be v(-1). What is the highest common divisor of d and z?
4
Let k(t) = -4*t + 1. Let j(x) = x + 13. Let s be j(-13). Suppose z = d, 4*d - 3*z = -s*d - 2. Let a be k(d). Calculate the highest common divisor of a and 6.
3
Let p = -2 - -19. Let x = -12 + p. What is the greatest common factor of x and 5?
5
Suppose 5*b = -2*l + 5*l + 154, 0 = -5*b + 7*l + 146. Calculate the greatest common factor of b and 32.
32
Suppose 0 = -3*f + 32 - 23. Suppose -2*n - 264 = -r + 2*n, 4*r = f*n + 1004. What is the greatest common factor of r and 31?
31
Let f be 2/(-4) + -12*22/(-16). Calculate the greatest common factor of f and 64.
16
Let j = 1183 - 1099. Calculate the greatest common divisor of 3444 and j.
84
Let c = 528 + -346. What is the highest common factor of 42 and c?
14
Let f be (-7)/((-68)/(-14) - (-1 - -6)). Calculate the highest common factor of 392 and f.
49
Suppose 0 = -12*q + 43 + 137. What is the greatest common factor of 615 and q?
15
Let b be ((-1)/(-2))/(2/28). Suppose 5*p + d = 3*d + 2825, -1159 = -2*p - 5*d. Let v be (4/(-6))/(-3*2/p). Calculate the greatest common factor of v and b.
7
Let b(d) be the third derivative of d**5/60 - d**4/3 - 26*d**3/3 - 23*d**2. Let z be b(13). What is the greatest common divisor of z and 91?
13
Let u be 28/6*(-1 + 674/14). Calculate the highest common factor of u and 30.
10
Suppose o - 2*c - 34 = 0, -c + 88 = o + o. Calculate the highest common divisor of 147 and o.
21
Let t(w) = -9*w - 2 - w**2 + 0 - 5 + 5. Let l be t(-4). What is the greatest common divisor of 2 and l?
2
Let c = -1780 + 1865. What is the highest common divisor of c and 40?
5
Let c(l) = l**2 - l + 2. Let h be c(-2). Suppose -25 = -7*d + 3. Let x be (d - 7) + ((-60)/4)/(-3). Calculate the greatest common factor of h and x.
2
Suppose -1962 = -4*j + a, 3*j - 38*a = -34*a + 1478. What is the greatest common factor of 147 and j?
49
Let y(q) = q**3 - q + 154. Let r be (-1)/(-1)*-1 + 1. Let a be y(r). Let z be -3 + (33 - (2 - 36/(-6))). What is the greatest common factor of z and a?
22
Let k(z) = 1 - 15*z - 5 + 7*z. Let d be k(-2). What is the highest common factor of 3 and d?
3
Let y = -75 + 135. Let n be 5/(y/(-424))*-3. Suppose -5*a + n = -3*c, -78 = -4*a - 3*c + 2*c. Calculate the greatest common divisor of 5 and a.
5
Let p = 63 + 75. What is the highest common factor of p and 6?
6
Let k be (-1 + 2)*(-47 + 53). Calculate the greatest common divisor of 64 and k.
2
Suppose -4*a = -7*a + 1254. Let d be a*(4 + 28/(-8)). Calculate the greatest common factor of 19 and d.
19
Let l be (1/(-2))/((-1)/(-14)). Let u = 29 + l. What is the highest common factor of 242 and u?
22
Let r = 2105 + -1456. Calculate the greatest common divisor of r and 236.
59
Let m be 891/90 - 1/(-10). Calculate the greatest common divisor of 1090 and m.
10
Let i be (-94)/1*((-34)/4)/17. What is the greatest common factor of 1 and i?
1
Suppose 5*f - 44 = f. Let j = 105 + -6. Calculate the greatest common divisor of f and j.
11
Suppose -65 = -5*y - 3*v, 6*y - y + 4*v - 65 = 0. Suppose 10*t = y*t + 6. Let g = t - -8. Calculate the greatest common factor of 6 and g.
6
Let n be 1/((-44)/(-40) + -1). Let m = 8 - n. Let i(q) = 7*q**2 + 2*q + 3. Let t be i(m). What is the greatest common divisor of 18 and t?
9
Let w(f) = -7*f**3 - 2*f**2 - 4*f. Let h be w(-4). Calculate the highest common factor of h and 32.
16
Let j be (-2)/(-6)*(0 + -3). Let g be 101 - (6 + j + -2). What is the greatest common divisor of 14 and g?
14
Let o = -17 + 31. Let r = 644 - 518. Calculate the highest common factor of o and r.
14
Suppose 3*z - 6*z + 33 = 0. Suppose -3*w + z = f, -2*f - 5*w = -w - 16. Calculate the greatest common divisor of 3 and f.
1
Suppose 5*h = -4*w + 183, -2*h - w + 0*w = -72. Let o(v) = 25*v + 5. Let u be o(4). Calculate the greatest common factor of h and u.
35
Let x = -11 - -16. Suppose 5*a - 352 = 2*n, 368 = x*a - n + 3*n. Suppose 4*i + 3*d = 13 + 4, -5*i + 20 = 4*d. What is the greatest common factor of i and a?
8
Let h(b) = -b - 7. Let m be h(-9). Let d = -11 + 5. Let q be (d/4)/(5/(-20)). Calculate the highest common divisor of m and q.
2
Let s be (-8)/(-3)*30/20. Let y(n) = s + 1 + 3 - 4*n. Let l be y(-6). What is the greatest common factor of 128 and l?
32
Let d be 4/26 - (9 - (-1974)/(-13)). What is the greatest common factor of 104 and d?
13
Let n(f) = 185*f**3 - f**2 + f. Let p be 4 + 3*(-4 - -3). Let k be n(p). What is the highest common factor of 37 and k?
37
Suppose 2*w = 1 + 7. Suppose 63 = -w*j + 19. Let v be j/(-1) + (-3 - 1). What is the highest common divisor